{"id":6389,"date":"2025-11-06T15:14:20","date_gmt":"2025-11-06T18:14:20","guid":{"rendered":"https:\/\/proffixo.com.br\/?page_id=6389"},"modified":"2025-11-06T16:57:02","modified_gmt":"2025-11-06T19:57:02","slug":"6389-2","status":"publish","type":"page","link":"https:\/\/proffixo.com.br\/index.php\/6389-2\/","title":{"rendered":"HEICO &#8211; ARRUELAS COMBI"},"content":{"rendered":"<div id=\"anchor_cc4c01a0\" class=\"elementHeadline elementHeadline_var0  elementHeadlineAlign_var0 elementHeadlineColor_var91 elementHeadlinePrimaryStyle_var0 elementHeadlineLevel_varh1\" data-id=\"anchor_cc4c01a0_HEICO-LOCK\">\n<h2 class=\"he\" style=\"text-align: left;\">HEICO-LOCK<sup>\u00ae<\/sup><\/h2>\n<\/div>\n<div id=\"anchor_a9d062d9\" class=\"elementHeadline elementHeadline_var0  elementHeadlineAlign_var0 elementHeadlineColor_var91 elementHeadlineFontWeight_var50 elementHeadlineLevel_varh2\" style=\"text-align: left;\" data-id=\"anchor_a9d062d9_Arruelas-de-travamento-por-cunha\">\n<h3 class=\"he\">Arruelas COMBI<\/h3>\n<\/div>\n<div class=\"elementStandard elementContent elementContainerStandard elementContainerStandard_var0  elementContainerStandardPadding_var80 elementContainerStandardColumns_var10004 elementContainerStandardColumns elementContainerStandardColumns2\">\n<div class=\"col col1\">\n<div class=\"elementText elementText_var0  first-child last-child\">\n<p style=\"text-align: left;\"><strong>O Sistema de seguran\u00e7a combinado e eficiente para as conex\u00f5es aparafusadas com alta carga de montagem.<\/strong><\/p>\n<p>As arruelas Combi da HEICO-LOCK<sup>\u00ae<\/sup>\u00a0permitem montagem r\u00e1pida e f\u00e1cil, especialmente em situa\u00e7\u00f5es de instala\u00e7\u00e3o dif\u00edceis. Combine as arruelas Combi-Washers da HEICO-LOCK<sup>\u00ae<\/sup>, simples de usar com todos os parafusos comercialmente dispon\u00edveis fornecidos pelos seus fornecedores, r\u00e1pida e facilmente.<\/p>\n<\/div>\n<\/div>\n<\/div>\n\n\n<p><\/p>\n\n\n\n<div id=\"wp-block-themeisle-blocks-advanced-columns-09f641c5\" class=\"wp-block-themeisle-blocks-advanced-columns has-2-columns has-desktop-oneTwo-layout has-tablet-equal-layout has-mobile-collapsedRows-layout has-vertical-unset\"><div class=\"wp-block-themeisle-blocks-advanced-columns-overlay\"><\/div><div class=\"innerblocks-wrap\">\n<div id=\"wp-block-themeisle-blocks-advanced-column-da5a0519\" class=\"wp-block-themeisle-blocks-advanced-column\">\n<figure data-wp-context=\"{&quot;imageId&quot;:&quot;69e4e4e56e472&quot;}\" data-wp-interactive=\"core\/image\" data-wp-key=\"69e4e4e56e472\" class=\"wp-block-image size-full wp-lightbox-container\"><img loading=\"lazy\" decoding=\"async\" width=\"500\" height=\"500\" data-wp-class--hide=\"state.isContentHidden\" data-wp-class--show=\"state.isContentVisible\" data-wp-init=\"callbacks.setButtonStyles\" data-wp-on--click=\"actions.showLightbox\" data-wp-on--load=\"callbacks.setButtonStyles\" data-wp-on-window--resize=\"callbacks.setButtonStyles\" src=\"https:\/\/proffixo.com.br\/wp-content\/uploads\/2025\/11\/site-2.jpg\" alt=\"\" class=\"wp-image-6387\" srcset=\"https:\/\/proffixo.com.br\/wp-content\/uploads\/2025\/11\/site-2.jpg 500w, https:\/\/proffixo.com.br\/wp-content\/uploads\/2025\/11\/site-2-300x300.jpg 300w, https:\/\/proffixo.com.br\/wp-content\/uploads\/2025\/11\/site-2-150x150.jpg 150w\" sizes=\"auto, (max-width: 500px) 100vw, 500px\" \/><button\n\t\t\tclass=\"lightbox-trigger\"\n\t\t\ttype=\"button\"\n\t\t\taria-haspopup=\"dialog\"\n\t\t\taria-label=\"Ampliar\"\n\t\t\tdata-wp-init=\"callbacks.initTriggerButton\"\n\t\t\tdata-wp-on--click=\"actions.showLightbox\"\n\t\t\tdata-wp-style--right=\"state.imageButtonRight\"\n\t\t\tdata-wp-style--top=\"state.imageButtonTop\"\n\t\t>\n\t\t\t<svg xmlns=\"http:\/\/www.w3.org\/2000\/svg\" width=\"12\" height=\"12\" fill=\"none\" viewBox=\"0 0 12 12\">\n\t\t\t\t<path fill=\"#fff\" d=\"M2 0a2 2 0 0 0-2 2v2h1.5V2a.5.5 0 0 1 .5-.5h2V0H2Zm2 10.5H2a.5.5 0 0 1-.5-.5V8H0v2a2 2 0 0 0 2 2h2v-1.5ZM8 12v-1.5h2a.5.5 0 0 0 .5-.5V8H12v2a2 2 0 0 1-2 2H8Zm2-12a2 2 0 0 1 2 2v2h-1.5V2a.5.5 0 0 0-.5-.5H8V0h2Z\" \/>\n\t\t\t<\/svg>\n\t\t<\/button><\/figure>\n<\/div>\n\n\n\n<div id=\"wp-block-themeisle-blocks-advanced-column-6055f505\" class=\"wp-block-themeisle-blocks-advanced-column\">\n<figure class=\"wp-block-video\"><video height=\"720\" style=\"aspect-ratio: 1280 \/ 720;\" width=\"1280\" controls src=\"https:\/\/proffixo.com.br\/wp-content\/uploads\/2025\/11\/HEICO-LOCK\u00ae-Combi-Washers-\u2022-The-efficient-combined-bolt-securing-system-HEICO-Gruppe-720p-h264-youtube.mp4\"><\/video><\/figure>\n<\/div>\n<\/div><\/div>\n\n\n<ul>\n<li>Montagem f\u00e1cil e conex\u00e3o permanente gra\u00e7as \u00e0s abas de inser\u00e7\u00e3o<\/li>\n<li>Podem ser combinadas com todos os parafusos comercialmente dispon\u00edveis<\/li>\n<li>Tamb\u00e9m dispon\u00edveis em quantidades pequenas de compras<\/li>\n<li>Uso flex\u00edvel para v\u00e1rios tipos diferentes de parafusos<\/li>\n<li>Seguran\u00e7a permanente e posicionamento correto das arruelas de travamento por cunha da HEICO-LOCK<sup>\u00ae<\/sup><\/li>\n<li>Podem ser reutilizadas diversas vezes<\/li>\n<li>Economia de custos atrav\u00e9s de aumento da produtividade<\/li>\n<li>Dispon\u00edvel em a\u00e7o ou a\u00e7o inoxid\u00e1vel em \u00e1reas de contato mais estreitas ou mais amplas<\/li>\n<li>Dispon\u00edvel do M8 at\u00e9 o M20<\/li>\n<li>Pode ser fornecido completamente pr\u00e9-montado mediante pedido<\/li>\n<\/ul>\n\n\n<h3 class=\"wp-block-heading\">FEITO SOB MEDIDA PARA ATENDER SUAS NECESSIDADES<\/h3>\n\n\n\n<p>N\u00f3s fornecemos as arruelas Combi-Washers da HEICO-LOCK<sup>\u00ae<\/sup>&nbsp;para atender suas necessidades. Encaixe as arruelas Combi-Washers da HEICO-LOCK<sup>\u00ae<\/sup>&nbsp;em seus pr\u00f3prios parafusos existentes, r\u00e1pida e facilmente. Voc\u00ea mesmo pode escolher em realizar esta etapa ou n\u00f3s podemos fornecer \u00e0 voc\u00ea os parafusos pr\u00e9-montados prontos para uso.<\/p>\n\n\n\n<p>As arruelas Combi-Washers da HEICO-LOCK<sup>\u00ae<\/sup>&nbsp;encaixam em todos os parafusos comercialmente dispon\u00edveis, dando-lhe uma vantagem decisiva desde que o produto Combi permite voc\u00ea otimizar suas compras atrav\u00e9s de uma armazenagem com economia de espa\u00e7o. Voc\u00ea tem os benef\u00edcios dos prazos de entrega curtos e quantidades atrativas pequenas de compras tamb\u00e9m.<\/p>\n\n\n\n<div id=\"wp-block-themeisle-blocks-button-group-a842de16\" class=\"wp-block-themeisle-blocks-button-group wp-block-buttons\">\n<div id=\"wp-block-themeisle-blocks-button-c8374d6b\" class=\"wp-block-themeisle-blocks-button wp-block-button\"><a href=\"https:\/\/proffixo.com.br\/wp-content\/uploads\/2025\/11\/Catalogo-Arruelas-HEICO-LOCK.pdf\" target=\"_self\" rel=\"noopener noreferrer\" class=\"wp-block-button__link\"><span><mark style=\"background-color:rgba(0, 0, 0, 0)\" class=\"has-inline-color has-luminous-vivid-amber-color\">Baixar<\/mark> <mark style=\"background-color:rgba(0, 0, 0, 0)\" class=\"has-inline-color has-luminous-vivid-amber-color\">PDF<\/mark><\/span><\/a><\/div>\n<\/div>\n\n\n\n<p><\/p>\n","protected":false},"excerpt":{"rendered":"<p>HEICO-LOCK\u00ae Arruelas COMBI O Sistema de seguran\u00e7a combinado e eficiente para as conex\u00f5es aparafusadas com alta carga de montagem. As arruelas Combi da HEICO-LOCK\u00ae\u00a0permitem montagem r\u00e1pida e f\u00e1cil, especialmente em situa\u00e7\u00f5es de instala\u00e7\u00e3o dif\u00edceis. Combine as arruelas Combi-Washers da HEICO-LOCK\u00ae, simples de usar com todos os parafusos comercialmente dispon\u00edveis fornecidos pelos seus fornecedores, r\u00e1pida e [&hellip;]<\/p>\n","protected":false},"author":1,"featured_media":0,"parent":0,"menu_order":0,"comment_status":"closed","ping_status":"closed","template":"","meta":{"_themeisle_gutenberg_block_has_review":false,"footnotes":""},"class_list":["post-6389","page","type-page","status-publish","hentry"],"_links":{"self":[{"href":"https:\/\/proffixo.com.br\/index.php\/wp-json\/wp\/v2\/pages\/6389","targetHints":{"allow":["GET"]}}],"collection":[{"href":"https:\/\/proffixo.com.br\/index.php\/wp-json\/wp\/v2\/pages"}],"about":[{"href":"https:\/\/proffixo.com.br\/index.php\/wp-json\/wp\/v2\/types\/page"}],"author":[{"embeddable":true,"href":"https:\/\/proffixo.com.br\/index.php\/wp-json\/wp\/v2\/users\/1"}],"replies":[{"embeddable":true,"href":"https:\/\/proffixo.com.br\/index.php\/wp-json\/wp\/v2\/comments?post=6389"}],"version-history":[{"count":5,"href":"https:\/\/proffixo.com.br\/index.php\/wp-json\/wp\/v2\/pages\/6389\/revisions"}],"predecessor-version":[{"id":6415,"href":"https:\/\/proffixo.com.br\/index.php\/wp-json\/wp\/v2\/pages\/6389\/revisions\/6415"}],"wp:attachment":[{"href":"https:\/\/proffixo.com.br\/index.php\/wp-json\/wp\/v2\/media?parent=6389"}],"curies":[{"name":"wp","href":"https:\/\/api.w.org\/{rel}","templated":true}]}}