{"id":6393,"date":"2025-11-06T15:20:28","date_gmt":"2025-11-06T18:20:28","guid":{"rendered":"https:\/\/proffixo.com.br\/?page_id=6393"},"modified":"2025-11-06T16:57:47","modified_gmt":"2025-11-06T19:57:47","slug":"6393-2","status":"publish","type":"page","link":"https:\/\/proffixo.com.br\/index.php\/6393-2\/","title":{"rendered":"HEICO-TEC"},"content":{"rendered":"\n<h2 class=\"wp-block-heading\">HEICO-TEC<sup>\u00ae<\/sup><\/h2>\n\n\n\n<h3 class=\"wp-block-heading\">Porca Tensionadora<\/h3>\n\n\n\n<p><strong><strong>Para uma jun\u00e7\u00e3o segura com a porca tensionadora HEICO-TEC<sup>\u00ae<\/sup>, n\u00e3o s\u00e3o necess\u00e1rias ferramentas el\u00e9tricas, hidr\u00e1ulicas ou pneum\u00e1ticas. Tudo que voc\u00ea necessita \u00e9 uma chave de torque simples.<\/strong><\/strong><\/p>\n\n\n\n<p>A porca tensionadora da HEICO-TEC<sup>\u00ae<\/sup>&nbsp;\u00e9 \u00fanica no fato de que a for\u00e7a de pr\u00e9-carga da rosca maior principal \u00e9 distribu\u00edda para muitos parafusos de press\u00e3o menores. Como a press\u00e3o dos parafusos \u00e9 menor, uma tor\u00e7\u00e3o de chave convencional pode ser usada para alcan\u00e7ar a for\u00e7a de pr\u00e9-carga correta. Isso elimina a necessidade de ferramentas complexas, volumosas e pesadas e fazem com que a fixa\u00e7\u00e3o de juntas aparafusadas grandes sejam mais convenientes e f\u00e1ceis.<\/p>\n\n\n\n<p><strong><strong>PORCAS TENSIONADORAS DE ACORDO COM NORMA ISO 898-2<\/strong><\/strong><\/p>\n\n\n\n<p>As porcas tensionadoras da HEICO-TEC<sup>\u00ae<\/sup>&nbsp;atendem todos os requisitos da ISO 898-2 as quais permitem facilmente a substitui\u00e7\u00e3o de qualquer porca sextavada que sejam da mesma classe de resist\u00eancia enquanto tamb\u00e9m oferecem todas as vantagens de uma porca apertada \u00e0 m\u00e3o.<\/p>\n\n\n\n<div id=\"wp-block-themeisle-blocks-advanced-columns-202446c3\" class=\"wp-block-themeisle-blocks-advanced-columns has-2-columns has-desktop-oneTwo-layout has-tablet-equal-layout has-mobile-collapsedRows-layout has-vertical-unset\"><div class=\"wp-block-themeisle-blocks-advanced-columns-overlay\"><\/div><div class=\"innerblocks-wrap\">\n<div id=\"wp-block-themeisle-blocks-advanced-column-29e24fb6\" class=\"wp-block-themeisle-blocks-advanced-column\">\n<figure data-wp-context=\"{&quot;imageId&quot;:&quot;69e4e4e823824&quot;}\" data-wp-interactive=\"core\/image\" data-wp-key=\"69e4e4e823824\" class=\"wp-block-image size-full wp-lightbox-container\"><img loading=\"lazy\" decoding=\"async\" width=\"500\" height=\"500\" data-wp-class--hide=\"state.isContentHidden\" data-wp-class--show=\"state.isContentVisible\" data-wp-init=\"callbacks.setButtonStyles\" data-wp-on--click=\"actions.showLightbox\" data-wp-on--load=\"callbacks.setButtonStyles\" data-wp-on-window--resize=\"callbacks.setButtonStyles\" src=\"https:\/\/proffixo.com.br\/wp-content\/uploads\/2025\/11\/PROFFIXO-PFX.jpg\" alt=\"\" class=\"wp-image-6394\" srcset=\"https:\/\/proffixo.com.br\/wp-content\/uploads\/2025\/11\/PROFFIXO-PFX.jpg 500w, https:\/\/proffixo.com.br\/wp-content\/uploads\/2025\/11\/PROFFIXO-PFX-300x300.jpg 300w, https:\/\/proffixo.com.br\/wp-content\/uploads\/2025\/11\/PROFFIXO-PFX-150x150.jpg 150w\" sizes=\"auto, (max-width: 500px) 100vw, 500px\" \/><button\n\t\t\tclass=\"lightbox-trigger\"\n\t\t\ttype=\"button\"\n\t\t\taria-haspopup=\"dialog\"\n\t\t\taria-label=\"Ampliar\"\n\t\t\tdata-wp-init=\"callbacks.initTriggerButton\"\n\t\t\tdata-wp-on--click=\"actions.showLightbox\"\n\t\t\tdata-wp-style--right=\"state.imageButtonRight\"\n\t\t\tdata-wp-style--top=\"state.imageButtonTop\"\n\t\t>\n\t\t\t<svg xmlns=\"http:\/\/www.w3.org\/2000\/svg\" width=\"12\" height=\"12\" fill=\"none\" viewBox=\"0 0 12 12\">\n\t\t\t\t<path fill=\"#fff\" d=\"M2 0a2 2 0 0 0-2 2v2h1.5V2a.5.5 0 0 1 .5-.5h2V0H2Zm2 10.5H2a.5.5 0 0 1-.5-.5V8H0v2a2 2 0 0 0 2 2h2v-1.5ZM8 12v-1.5h2a.5.5 0 0 0 .5-.5V8H12v2a2 2 0 0 1-2 2H8Zm2-12a2 2 0 0 1 2 2v2h-1.5V2a.5.5 0 0 0-.5-.5H8V0h2Z\" \/>\n\t\t\t<\/svg>\n\t\t<\/button><\/figure>\n<\/div>\n\n\n\n<div id=\"wp-block-themeisle-blocks-advanced-column-c2ac6b3f\" class=\"wp-block-themeisle-blocks-advanced-column\">\n<figure class=\"wp-block-video\"><video height=\"720\" style=\"aspect-ratio: 1280 \/ 720;\" width=\"1280\" controls src=\"https:\/\/proffixo.com.br\/wp-content\/uploads\/2025\/11\/HEICO-TEC\u00ae-Tension-Nut-\u2022-Functional-Principle-HEICO-Gruppe-720p-h264-youtube.mp4\"><\/video><\/figure>\n<\/div>\n<\/div><\/div>\n\n\n\n<p>Nosso programa padr\u00e3o das porcas de tens\u00e3o da HEICO-TEC<sup>\u00ae<\/sup>&nbsp;oferecem as seguintes vantagens:<\/p>\n\n\n\n<ul class=\"wp-block-list\">\n<li>Entrega r\u00e1pida: Em estoque e portanto imediatamente dispon\u00edveis<\/li>\n\n\n\n<li>Compat\u00edvel com DIN EN ISO 898-2: Reposi\u00e7\u00e3o direta de porcas sextavadas da mesma classe de resist\u00eancia<\/li>\n\n\n\n<li>Servi\u00e7o adicional atrav\u00e9s de consulta como tamb\u00e9m de assist\u00eancias de instala\u00e7\u00e3o e documenta\u00e7\u00e3o t\u00e9cnica (ex: modelo de montagem)<\/li>\n<\/ul>\n\n\n\n<div id=\"wp-block-themeisle-blocks-button-group-bf3e57bf\" class=\"wp-block-themeisle-blocks-button-group wp-block-buttons\">\n<div id=\"wp-block-themeisle-blocks-button-21ce9c08\" class=\"wp-block-themeisle-blocks-button wp-block-button\"><a href=\"https:\/\/proffixo.com.br\/wp-content\/uploads\/2025\/11\/Catalogo-Tensionadores-HEICO-TEC.pdf\" target=\"_self\" rel=\"noopener noreferrer\" class=\"wp-block-button__link\"><span><mark style=\"background-color:rgba(0, 0, 0, 0)\" class=\"has-inline-color has-luminous-vivid-amber-color\">Baixar PDF<\/mark><\/span><\/a><\/div>\n<\/div>\n\n\n\n<p><\/p>\n","protected":false},"excerpt":{"rendered":"<p>HEICO-TEC\u00ae Porca Tensionadora Para uma jun\u00e7\u00e3o segura com a porca tensionadora HEICO-TEC\u00ae, n\u00e3o s\u00e3o necess\u00e1rias ferramentas el\u00e9tricas, hidr\u00e1ulicas ou pneum\u00e1ticas. Tudo que voc\u00ea necessita \u00e9 uma chave de torque simples. A porca tensionadora da HEICO-TEC\u00ae&nbsp;\u00e9 \u00fanica no fato de que a for\u00e7a de pr\u00e9-carga da rosca maior principal \u00e9 distribu\u00edda para muitos parafusos de press\u00e3o [&hellip;]<\/p>\n","protected":false},"author":1,"featured_media":0,"parent":0,"menu_order":0,"comment_status":"closed","ping_status":"closed","template":"","meta":{"_themeisle_gutenberg_block_has_review":false,"footnotes":""},"class_list":["post-6393","page","type-page","status-publish","hentry"],"_links":{"self":[{"href":"https:\/\/proffixo.com.br\/index.php\/wp-json\/wp\/v2\/pages\/6393","targetHints":{"allow":["GET"]}}],"collection":[{"href":"https:\/\/proffixo.com.br\/index.php\/wp-json\/wp\/v2\/pages"}],"about":[{"href":"https:\/\/proffixo.com.br\/index.php\/wp-json\/wp\/v2\/types\/page"}],"author":[{"embeddable":true,"href":"https:\/\/proffixo.com.br\/index.php\/wp-json\/wp\/v2\/users\/1"}],"replies":[{"embeddable":true,"href":"https:\/\/proffixo.com.br\/index.php\/wp-json\/wp\/v2\/comments?post=6393"}],"version-history":[{"count":7,"href":"https:\/\/proffixo.com.br\/index.php\/wp-json\/wp\/v2\/pages\/6393\/revisions"}],"predecessor-version":[{"id":6417,"href":"https:\/\/proffixo.com.br\/index.php\/wp-json\/wp\/v2\/pages\/6393\/revisions\/6417"}],"wp:attachment":[{"href":"https:\/\/proffixo.com.br\/index.php\/wp-json\/wp\/v2\/media?parent=6393"}],"curies":[{"name":"wp","href":"https:\/\/api.w.org\/{rel}","templated":true}]}}