{"id":7287,"date":"2025-11-24T11:43:34","date_gmt":"2025-11-24T14:43:34","guid":{"rendered":"https:\/\/proffixo.com.br\/?page_id=7287"},"modified":"2026-02-04T15:35:50","modified_gmt":"2026-02-04T18:35:50","slug":"merkbak-manipulo-tres-pontas-femea","status":"publish","type":"page","link":"https:\/\/proffixo.com.br\/index.php\/merkbak-manipulo-tres-pontas-femea\/","title":{"rendered":"MERKBAK MAN\u00cdPULO TR\u00caS PONTAS F\u00caMEA"},"content":{"rendered":"\n<h2 class=\"wp-block-heading has-text-align-center\"><mark style=\"background-color:rgba(0, 0, 0, 0)\" class=\"has-inline-color has-luminous-vivid-amber-color\">MAN\u00cdPULO TR\u00caS PONTAS F\u00caMEA <\/mark><\/h2>\n\n\n\n<div id=\"wp-block-themeisle-blocks-advanced-columns-cf83290b\" class=\"wp-block-themeisle-blocks-advanced-columns has-3-columns has-desktop-equal-layout has-tablet-equal-layout has-mobile-collapsedRows-layout has-vertical-unset\"><div class=\"wp-block-themeisle-blocks-advanced-columns-overlay\"><\/div><div class=\"innerblocks-wrap\">\n<div id=\"wp-block-themeisle-blocks-advanced-column-009dacc2\" class=\"wp-block-themeisle-blocks-advanced-column\">\n<figure class=\"wp-block-image size-large\"><img loading=\"lazy\" decoding=\"async\" width=\"1024\" height=\"1024\" src=\"https:\/\/proffixo.com.br\/wp-content\/uploads\/2025\/11\/DESCRICAO-SITE-PROFFIXO-1-29-1024x1024.jpg\" alt=\"\" class=\"wp-image-7289\" srcset=\"https:\/\/proffixo.com.br\/wp-content\/uploads\/2025\/11\/DESCRICAO-SITE-PROFFIXO-1-29-1024x1024.jpg 1024w, https:\/\/proffixo.com.br\/wp-content\/uploads\/2025\/11\/DESCRICAO-SITE-PROFFIXO-1-29-300x300.jpg 300w, https:\/\/proffixo.com.br\/wp-content\/uploads\/2025\/11\/DESCRICAO-SITE-PROFFIXO-1-29-150x150.jpg 150w, https:\/\/proffixo.com.br\/wp-content\/uploads\/2025\/11\/DESCRICAO-SITE-PROFFIXO-1-29-768x768.jpg 768w, https:\/\/proffixo.com.br\/wp-content\/uploads\/2025\/11\/DESCRICAO-SITE-PROFFIXO-1-29.jpg 1080w\" sizes=\"auto, (max-width: 1024px) 100vw, 1024px\" \/><\/figure>\n<\/div>\n\n\n\n<div id=\"wp-block-themeisle-blocks-advanced-column-9877f0f7\" class=\"wp-block-themeisle-blocks-advanced-column\">\n<figure data-wp-context=\"{&quot;imageId&quot;:&quot;69e4f8c89063d&quot;}\" data-wp-interactive=\"core\/image\" data-wp-key=\"69e4f8c89063d\" class=\"wp-block-image size-full wp-lightbox-container\"><img loading=\"lazy\" decoding=\"async\" width=\"1080\" height=\"1080\" data-wp-class--hide=\"state.isContentHidden\" data-wp-class--show=\"state.isContentVisible\" data-wp-init=\"callbacks.setButtonStyles\" data-wp-on--click=\"actions.showLightbox\" data-wp-on--load=\"callbacks.setButtonStyles\" data-wp-on-window--resize=\"callbacks.setButtonStyles\" src=\"https:\/\/proffixo.com.br\/wp-content\/uploads\/2025\/11\/MANIPULO-TRES-PONTAS-FEMEA.jpg\" alt=\"\" class=\"wp-image-7288\" srcset=\"https:\/\/proffixo.com.br\/wp-content\/uploads\/2025\/11\/MANIPULO-TRES-PONTAS-FEMEA.jpg 1080w, https:\/\/proffixo.com.br\/wp-content\/uploads\/2025\/11\/MANIPULO-TRES-PONTAS-FEMEA-300x300.jpg 300w, https:\/\/proffixo.com.br\/wp-content\/uploads\/2025\/11\/MANIPULO-TRES-PONTAS-FEMEA-1024x1024.jpg 1024w, https:\/\/proffixo.com.br\/wp-content\/uploads\/2025\/11\/MANIPULO-TRES-PONTAS-FEMEA-150x150.jpg 150w, https:\/\/proffixo.com.br\/wp-content\/uploads\/2025\/11\/MANIPULO-TRES-PONTAS-FEMEA-768x768.jpg 768w\" sizes=\"auto, (max-width: 1080px) 100vw, 1080px\" \/><button\n\t\t\tclass=\"lightbox-trigger\"\n\t\t\ttype=\"button\"\n\t\t\taria-haspopup=\"dialog\"\n\t\t\taria-label=\"Ampliar\"\n\t\t\tdata-wp-init=\"callbacks.initTriggerButton\"\n\t\t\tdata-wp-on--click=\"actions.showLightbox\"\n\t\t\tdata-wp-style--right=\"state.imageButtonRight\"\n\t\t\tdata-wp-style--top=\"state.imageButtonTop\"\n\t\t>\n\t\t\t<svg xmlns=\"http:\/\/www.w3.org\/2000\/svg\" width=\"12\" height=\"12\" fill=\"none\" viewBox=\"0 0 12 12\">\n\t\t\t\t<path fill=\"#fff\" d=\"M2 0a2 2 0 0 0-2 2v2h1.5V2a.5.5 0 0 1 .5-.5h2V0H2Zm2 10.5H2a.5.5 0 0 1-.5-.5V8H0v2a2 2 0 0 0 2 2h2v-1.5ZM8 12v-1.5h2a.5.5 0 0 0 .5-.5V8H12v2a2 2 0 0 1-2 2H8Zm2-12a2 2 0 0 1 2 2v2h-1.5V2a.5.5 0 0 0-.5-.5H8V0h2Z\" \/>\n\t\t\t<\/svg>\n\t\t<\/button><\/figure>\n<\/div>\n\n\n\n<div id=\"wp-block-themeisle-blocks-advanced-column-17b9a850\" class=\"wp-block-themeisle-blocks-advanced-column\">\n<figure data-wp-context=\"{&quot;imageId&quot;:&quot;69e4f8c892240&quot;}\" data-wp-interactive=\"core\/image\" data-wp-key=\"69e4f8c892240\" class=\"wp-block-image size-full wp-lightbox-container\"><img loading=\"lazy\" decoding=\"async\" width=\"1080\" height=\"1080\" data-wp-class--hide=\"state.isContentHidden\" data-wp-class--show=\"state.isContentVisible\" data-wp-init=\"callbacks.setButtonStyles\" data-wp-on--click=\"actions.showLightbox\" data-wp-on--load=\"callbacks.setButtonStyles\" data-wp-on-window--resize=\"callbacks.setButtonStyles\" src=\"https:\/\/proffixo.com.br\/wp-content\/uploads\/2026\/02\/FOTO-SITE-PROFFIXO-2.jpg\" alt=\"\" class=\"wp-image-8322\" srcset=\"https:\/\/proffixo.com.br\/wp-content\/uploads\/2026\/02\/FOTO-SITE-PROFFIXO-2.jpg 1080w, https:\/\/proffixo.com.br\/wp-content\/uploads\/2026\/02\/FOTO-SITE-PROFFIXO-2-300x300.jpg 300w, https:\/\/proffixo.com.br\/wp-content\/uploads\/2026\/02\/FOTO-SITE-PROFFIXO-2-1024x1024.jpg 1024w, https:\/\/proffixo.com.br\/wp-content\/uploads\/2026\/02\/FOTO-SITE-PROFFIXO-2-150x150.jpg 150w, https:\/\/proffixo.com.br\/wp-content\/uploads\/2026\/02\/FOTO-SITE-PROFFIXO-2-768x768.jpg 768w\" sizes=\"auto, (max-width: 1080px) 100vw, 1080px\" \/><button\n\t\t\tclass=\"lightbox-trigger\"\n\t\t\ttype=\"button\"\n\t\t\taria-haspopup=\"dialog\"\n\t\t\taria-label=\"Ampliar\"\n\t\t\tdata-wp-init=\"callbacks.initTriggerButton\"\n\t\t\tdata-wp-on--click=\"actions.showLightbox\"\n\t\t\tdata-wp-style--right=\"state.imageButtonRight\"\n\t\t\tdata-wp-style--top=\"state.imageButtonTop\"\n\t\t>\n\t\t\t<svg xmlns=\"http:\/\/www.w3.org\/2000\/svg\" width=\"12\" height=\"12\" fill=\"none\" viewBox=\"0 0 12 12\">\n\t\t\t\t<path fill=\"#fff\" d=\"M2 0a2 2 0 0 0-2 2v2h1.5V2a.5.5 0 0 1 .5-.5h2V0H2Zm2 10.5H2a.5.5 0 0 1-.5-.5V8H0v2a2 2 0 0 0 2 2h2v-1.5ZM8 12v-1.5h2a.5.5 0 0 0 .5-.5V8H12v2a2 2 0 0 1-2 2H8Zm2-12a2 2 0 0 1 2 2v2h-1.5V2a.5.5 0 0 0-.5-.5H8V0h2Z\" \/>\n\t\t\t<\/svg>\n\t\t<\/button><\/figure>\n<\/div>\n<\/div><\/div>\n\n\n\n<div id=\"wp-block-themeisle-blocks-button-group-d8f1cdeb\" class=\"wp-block-themeisle-blocks-button-group wp-block-buttons\">\n<div id=\"wp-block-themeisle-blocks-button-f8eb1f04\" class=\"wp-block-themeisle-blocks-button wp-block-button\"><a href=\"https:\/\/proffixo.com.br\/wp-content\/uploads\/2026\/02\/MANIPULO-TRES-PONTAS-FEMEA-PDF.pdf\" target=\"_blank\" rel=\"noopener noreferrer\" class=\"wp-block-button__link\"><span><mark style=\"background-color:rgba(0, 0, 0, 0)\" class=\"has-inline-color has-luminous-vivid-amber-color\"><strong>Baixar PDF<\/strong><\/mark><\/span><\/a><\/div>\n<\/div>\n\n\n\n<p><\/p>\n","protected":false},"excerpt":{"rendered":"<p>MAN\u00cdPULO TR\u00caS PONTAS F\u00caMEA<\/p>\n","protected":false},"author":1,"featured_media":0,"parent":0,"menu_order":0,"comment_status":"closed","ping_status":"closed","template":"","meta":{"_themeisle_gutenberg_block_has_review":false,"footnotes":""},"class_list":["post-7287","page","type-page","status-publish","hentry"],"_links":{"self":[{"href":"https:\/\/proffixo.com.br\/index.php\/wp-json\/wp\/v2\/pages\/7287","targetHints":{"allow":["GET"]}}],"collection":[{"href":"https:\/\/proffixo.com.br\/index.php\/wp-json\/wp\/v2\/pages"}],"about":[{"href":"https:\/\/proffixo.com.br\/index.php\/wp-json\/wp\/v2\/types\/page"}],"author":[{"embeddable":true,"href":"https:\/\/proffixo.com.br\/index.php\/wp-json\/wp\/v2\/users\/1"}],"replies":[{"embeddable":true,"href":"https:\/\/proffixo.com.br\/index.php\/wp-json\/wp\/v2\/comments?post=7287"}],"version-history":[{"count":3,"href":"https:\/\/proffixo.com.br\/index.php\/wp-json\/wp\/v2\/pages\/7287\/revisions"}],"predecessor-version":[{"id":8324,"href":"https:\/\/proffixo.com.br\/index.php\/wp-json\/wp\/v2\/pages\/7287\/revisions\/8324"}],"wp:attachment":[{"href":"https:\/\/proffixo.com.br\/index.php\/wp-json\/wp\/v2\/media?parent=7287"}],"curies":[{"name":"wp","href":"https:\/\/api.w.org\/{rel}","templated":true}]}}